{"id":18,"date":"2020-05-21T10:34:59","date_gmt":"2020-05-21T10:34:59","guid":{"rendered":"http:\/\/www.sogecaburkina.com\/?page_id=18"},"modified":"2025-12-06T12:03:24","modified_gmt":"2025-12-06T12:03:24","slug":"lequipe","status":"publish","type":"page","link":"https:\/\/www.sogecaburkina.com\/?page_id=18","title":{"rendered":"L&#8217;\u00e9quipe"},"content":{"rendered":"\n<p class=\"page_title has-text-color\" style=\"color:#00aae8\">L&#8217;\u00e9quipe<\/p>\n\n\n\n<p>SOGECA international est compos\u00e9 d&#8217;une \u00e9quipe  dynamique, pluridisciplinaire et qualifi\u00e9e.<\/p>\n\n\n\n<div style=\"width: 70; height: 950px; overflow: scroll;\">\n\n\n\n<div class=\"wp-block-media-text alignwide has-media-on-the-right\" style=\"grid-template-columns:auto 40%\"><div class=\"wp-block-media-text__content\">\n<p style=\"font-size:15px\"> Monsieur KAFANDO Sompagnimdi Joseph, expert-comptable dipl\u00f4m\u00e9, Commissaire aux comptes avec plus de&nbsp; 15 ans d\u2019exp\u00e9rience en audit, expertise comptable, commissariat aux comptes, formation, conseils. Il est l\u2019Associ\u00e9 G\u00e9rant de SOGECA International.&nbsp; <\/p>\n<\/div><figure class=\"wp-block-media-text__media\"><img loading=\"lazy\" decoding=\"async\" width=\"241\" height=\"241\" src=\"https:\/\/www.sogecaburkina.com\/wp-content\/uploads\/2025\/12\/POSTER_KAFANDO-fotor-20251202125451-1.png\" alt=\"\" class=\"wp-image-1187 size-full\" srcset=\"https:\/\/www.sogecaburkina.com\/wp-content\/uploads\/2025\/12\/POSTER_KAFANDO-fotor-20251202125451-1.png 241w, https:\/\/www.sogecaburkina.com\/wp-content\/uploads\/2025\/12\/POSTER_KAFANDO-fotor-20251202125451-1-150x150.png 150w\" sizes=\"auto, (max-width: 241px) 100vw, 241px\" \/><\/figure><\/div>\n\n\n<p>&nbsp;<\/p>\n\n\n\n<div class=\"wp-block-media-text alignwide\" style=\"grid-template-columns:35% auto\"><figure class=\"wp-block-media-text__media\"><img loading=\"lazy\" decoding=\"async\" width=\"225\" height=\"225\" src=\"http:\/\/www.sogecaburkina.com\/wp-content\/uploads\/2020\/06\/equipe2.png\" alt=\"\" class=\"wp-image-734 size-full\" srcset=\"https:\/\/www.sogecaburkina.com\/wp-content\/uploads\/2020\/06\/equipe2.png 225w, https:\/\/www.sogecaburkina.com\/wp-content\/uploads\/2020\/06\/equipe2-150x150.png 150w, https:\/\/www.sogecaburkina.com\/wp-content\/uploads\/2020\/06\/equipe2-160x160.png 160w, https:\/\/www.sogecaburkina.com\/wp-content\/uploads\/2020\/06\/equipe2-320x320.png 320w\" sizes=\"auto, (max-width: 225px) 100vw, 225px\" \/><\/figure><div class=\"wp-block-media-text__content\">\n<p style=\"font-size:15px\">Madame ZARE Ramata, Gestionnaire Comptable avec\nplus de 16 ans d\u2019exp\u00e9rience dans le domaine d\u2019assistance et suivi comptable, Associ\u00e9e de SOGECA et chef\ndu d\u00e9partement Expertise comptable et fiscalit\u00e9.<\/p>\n<\/div><\/div>\n\n\n<p>&nbsp;<\/p>\n\n\n\n<div class=\"wp-block-media-text alignwide has-media-on-the-right\" style=\"grid-template-columns:auto 35%\"><div class=\"wp-block-media-text__content\">\n<p style=\"font-size:15px\">Monsieur KANE Abdourahamane, Expert-comptable, Commissaire aux comptes avec plus de 20 ans d\u2019exp\u00e9rience en audit, expertise comptable, commissariat aux comptes, formation, conseils (Mauritanie), Associ\u00e9 de SOGECA.<\/p>\n<\/div><figure class=\"wp-block-media-text__media\"><img loading=\"lazy\" decoding=\"async\" width=\"220\" height=\"229\" src=\"http:\/\/www.sogecaburkina.com\/wp-content\/uploads\/2020\/06\/equipe-1.png\" alt=\"\" class=\"wp-image-740 size-full\"\/><\/figure><\/div>\n\n\n<p>&nbsp;<\/p>\n\n\n\n<div class=\"wp-block-media-text alignwide\" style=\"grid-template-columns:35% auto\"><figure class=\"wp-block-media-text__media\"><img loading=\"lazy\" decoding=\"async\" width=\"220\" height=\"229\" src=\"http:\/\/www.sogecaburkina.com\/wp-content\/uploads\/2020\/06\/equipe-2.png\" alt=\"\" class=\"wp-image-742 size-full\"\/><\/figure><div class=\"wp-block-media-text__content\">\n<p style=\"font-size:15px\"> Monsieur YARO Zakaria, auditeur Senior et titulaire d\u2019un master II en audit et&nbsp; contr\u00f4le. Il totalise plus de 7ans d\u2019exp\u00e9rience en audit, expertise comptable, commissariat aux comptes, formation, conseils, consultant de SOGECA.<\/p>\n<\/div><\/div>\n\n\n<p>&nbsp;<\/p>\n\n\n\n<div class=\"wp-block-media-text alignwide has-media-on-the-right\" style=\"grid-template-columns:auto 36%\"><div class=\"wp-block-media-text__content\">\n<p style=\"font-size:15px\">Youssouf\nZOUNGRANA&nbsp;: Titulaire d\u2019un DTS en finance-comptabilit\u00e9 avec plus de 7 ans en\nassistance comptable, Responsable Administratif et Financier.<\/p>\n<\/div><figure class=\"wp-block-media-text__media\"><img loading=\"lazy\" decoding=\"async\" width=\"220\" height=\"229\" src=\"http:\/\/www.sogecaburkina.com\/wp-content\/uploads\/2020\/06\/equipe-3.png\" alt=\"\" class=\"wp-image-744 size-full\"\/><\/figure><\/div>\n\n\n<p>&nbsp;<\/p>\n\n\n\n<div class=\"wp-block-media-text alignwide\" style=\"grid-template-columns:35% auto\"><figure class=\"wp-block-media-text__media\"><img loading=\"lazy\" decoding=\"async\" width=\"225\" height=\"225\" src=\"http:\/\/www.sogecaburkina.com\/wp-content\/uploads\/2020\/06\/equipe2-1.png\" alt=\"\" class=\"wp-image-746 size-full\" srcset=\"https:\/\/www.sogecaburkina.com\/wp-content\/uploads\/2020\/06\/equipe2-1.png 225w, https:\/\/www.sogecaburkina.com\/wp-content\/uploads\/2020\/06\/equipe2-1-150x150.png 150w, https:\/\/www.sogecaburkina.com\/wp-content\/uploads\/2020\/06\/equipe2-1-160x160.png 160w, https:\/\/www.sogecaburkina.com\/wp-content\/uploads\/2020\/06\/equipe2-1-320x320.png 320w\" sizes=\"auto, (max-width: 225px) 100vw, 225px\" \/><\/figure><div class=\"wp-block-media-text__content\">\n<p style=\"font-size:15px\">Madame KOUILLA W Estelle, Secr\u00e9taire Comptable, personnel de SOGECA.<\/p>\n<\/div><\/div>\n\n\n<p>&nbsp;<\/p>\n\n\n\n<div class=\"wp-block-media-text alignwide has-media-on-the-right\" style=\"grid-template-columns:auto 34%\"><div class=\"wp-block-media-text__content\">\n<p style=\"font-size:15px\">SAWADOGO Bassirou&nbsp;: titulaire d\u2019une ma\u00eetrise en gestion avec deux ans d\u2019exp\u00e9rience en audit comptable et financier, auditeur assistant.<\/p>\n<\/div><figure class=\"wp-block-media-text__media\"><img loading=\"lazy\" decoding=\"async\" width=\"220\" height=\"229\" src=\"http:\/\/www.sogecaburkina.com\/wp-content\/uploads\/2020\/06\/equipe-4.png\" alt=\"\" class=\"wp-image-748 size-full\"\/><\/figure><\/div>\n\n\n<p>&nbsp;<\/p>\n\n\n\n<p>Ainsi que d\u2019autres consultants venus de KPMG CI avec qui nous collaborons.<\/p>\n\n\n<\/div>\n","protected":false},"excerpt":{"rendered":"<p>L&#8217;\u00e9quipe SOGECA international est compos\u00e9 d&#8217;une \u00e9quipe dynamique, pluridisciplinaire et qualifi\u00e9e. Monsieur KAFANDO Sompagnimdi Joseph, expert-comptable dipl\u00f4m\u00e9, Commissaire aux comptes avec plus de&nbsp; 15 ans d\u2019exp\u00e9rience en audit, expertise comptable, commissariat aux comptes, formation, conseils. Il est l\u2019Associ\u00e9 G\u00e9rant de SOGECA International.&nbsp; Madame ZARE Ramata, Gestionnaire Comptable avec plus de 16 ans d\u2019exp\u00e9rience dans le [&hellip;]<\/p>\n","protected":false},"author":1,"featured_media":0,"parent":0,"menu_order":0,"comment_status":"closed","ping_status":"closed","template":"","meta":{"footnotes":""},"class_list":["post-18","page","type-page","status-publish","hentry"],"yoast_head":"<!-- This site is optimized with the Yoast SEO plugin v26.5 - https:\/\/yoast.com\/wordpress\/plugins\/seo\/ -->\n<title>L&#039;\u00e9quipe - SOGECA<\/title>\n<meta name=\"robots\" content=\"index, follow, max-snippet:-1, max-image-preview:large, max-video-preview:-1\" \/>\n<link rel=\"canonical\" href=\"https:\/\/www.sogecaburkina.com\/?page_id=18\" \/>\n<meta property=\"og:locale\" content=\"en_US\" \/>\n<meta property=\"og:type\" content=\"article\" \/>\n<meta property=\"og:title\" content=\"L&#039;\u00e9quipe - SOGECA\" \/>\n<meta property=\"og:description\" content=\"L&#8217;\u00e9quipe SOGECA international est compos\u00e9 d&#8217;une \u00e9quipe dynamique, pluridisciplinaire et qualifi\u00e9e. Monsieur KAFANDO Sompagnimdi Joseph, expert-comptable dipl\u00f4m\u00e9, Commissaire aux comptes avec plus de&nbsp; 15 ans d\u2019exp\u00e9rience en audit, expertise comptable, commissariat aux comptes, formation, conseils. Il est l\u2019Associ\u00e9 G\u00e9rant de SOGECA International.&nbsp; Madame ZARE Ramata, Gestionnaire Comptable avec plus de 16 ans d\u2019exp\u00e9rience dans le [&hellip;]\" \/>\n<meta property=\"og:url\" content=\"https:\/\/www.sogecaburkina.com\/?page_id=18\" \/>\n<meta property=\"og:site_name\" content=\"SOGECA\" \/>\n<meta property=\"article:modified_time\" content=\"2025-12-06T12:03:24+00:00\" \/>\n<meta property=\"og:image\" content=\"https:\/\/www.sogecaburkina.com\/wp-content\/uploads\/2025\/12\/POSTER_KAFANDO-fotor-20251202125451-1.png\" \/>\n\t<meta property=\"og:image:width\" content=\"241\" \/>\n\t<meta property=\"og:image:height\" content=\"241\" \/>\n\t<meta property=\"og:image:type\" content=\"image\/png\" \/>\n<meta name=\"twitter:card\" content=\"summary_large_image\" \/>\n<meta name=\"twitter:label1\" content=\"Est. reading time\" \/>\n\t<meta name=\"twitter:data1\" content=\"3 minutes\" \/>\n<script type=\"application\/ld+json\" class=\"yoast-schema-graph\">{\"@context\":\"https:\/\/schema.org\",\"@graph\":[{\"@type\":\"WebPage\",\"@id\":\"https:\/\/www.sogecaburkina.com\/?page_id=18\",\"url\":\"https:\/\/www.sogecaburkina.com\/?page_id=18\",\"name\":\"L'\u00e9quipe - SOGECA\",\"isPartOf\":{\"@id\":\"https:\/\/www.sogecaburkina.com\/#website\"},\"primaryImageOfPage\":{\"@id\":\"https:\/\/www.sogecaburkina.com\/?page_id=18#primaryimage\"},\"image\":{\"@id\":\"https:\/\/www.sogecaburkina.com\/?page_id=18#primaryimage\"},\"thumbnailUrl\":\"https:\/\/www.sogecaburkina.com\/wp-content\/uploads\/2025\/12\/POSTER_KAFANDO-fotor-20251202125451-1.png\",\"datePublished\":\"2020-05-21T10:34:59+00:00\",\"dateModified\":\"2025-12-06T12:03:24+00:00\",\"breadcrumb\":{\"@id\":\"https:\/\/www.sogecaburkina.com\/?page_id=18#breadcrumb\"},\"inLanguage\":\"en-US\",\"potentialAction\":[{\"@type\":\"ReadAction\",\"target\":[\"https:\/\/www.sogecaburkina.com\/?page_id=18\"]}]},{\"@type\":\"ImageObject\",\"inLanguage\":\"en-US\",\"@id\":\"https:\/\/www.sogecaburkina.com\/?page_id=18#primaryimage\",\"url\":\"https:\/\/www.sogecaburkina.com\/wp-content\/uploads\/2025\/12\/POSTER_KAFANDO-fotor-20251202125451-1.png\",\"contentUrl\":\"https:\/\/www.sogecaburkina.com\/wp-content\/uploads\/2025\/12\/POSTER_KAFANDO-fotor-20251202125451-1.png\",\"width\":241,\"height\":241},{\"@type\":\"BreadcrumbList\",\"@id\":\"https:\/\/www.sogecaburkina.com\/?page_id=18#breadcrumb\",\"itemListElement\":[{\"@type\":\"ListItem\",\"position\":1,\"name\":\"Home\",\"item\":\"https:\/\/www.sogecaburkina.com\/\"},{\"@type\":\"ListItem\",\"position\":2,\"name\":\"L&#8217;\u00e9quipe\"}]},{\"@type\":\"WebSite\",\"@id\":\"https:\/\/www.sogecaburkina.com\/#website\",\"url\":\"https:\/\/www.sogecaburkina.com\/\",\"name\":\"SOGECA\",\"description\":\"Expertise comptable et d&#039;audits Burkina Faso\",\"publisher\":{\"@id\":\"https:\/\/www.sogecaburkina.com\/#organization\"},\"potentialAction\":[{\"@type\":\"SearchAction\",\"target\":{\"@type\":\"EntryPoint\",\"urlTemplate\":\"https:\/\/www.sogecaburkina.com\/?s={search_term_string}\"},\"query-input\":{\"@type\":\"PropertyValueSpecification\",\"valueRequired\":true,\"valueName\":\"search_term_string\"}}],\"inLanguage\":\"en-US\"},{\"@type\":\"Organization\",\"@id\":\"https:\/\/www.sogecaburkina.com\/#organization\",\"name\":\"SOGECA, Expertise comptable et d'audits\",\"url\":\"https:\/\/www.sogecaburkina.com\/\",\"logo\":{\"@type\":\"ImageObject\",\"inLanguage\":\"en-US\",\"@id\":\"https:\/\/www.sogecaburkina.com\/#\/schema\/logo\/image\/\",\"url\":\"https:\/\/www.sogecaburkina.com\/wp-content\/uploads\/2025\/12\/cropped-cropped-logo_entete-3-Copie-OK.png\",\"contentUrl\":\"https:\/\/www.sogecaburkina.com\/wp-content\/uploads\/2025\/12\/cropped-cropped-logo_entete-3-Copie-OK.png\",\"width\":80,\"height\":74,\"caption\":\"SOGECA, Expertise comptable et d'audits\"},\"image\":{\"@id\":\"https:\/\/www.sogecaburkina.com\/#\/schema\/logo\/image\/\"}}]}<\/script>\n<!-- \/ Yoast SEO plugin. -->","yoast_head_json":{"title":"L'\u00e9quipe - SOGECA","robots":{"index":"index","follow":"follow","max-snippet":"max-snippet:-1","max-image-preview":"max-image-preview:large","max-video-preview":"max-video-preview:-1"},"canonical":"https:\/\/www.sogecaburkina.com\/?page_id=18","og_locale":"en_US","og_type":"article","og_title":"L'\u00e9quipe - SOGECA","og_description":"L&#8217;\u00e9quipe SOGECA international est compos\u00e9 d&#8217;une \u00e9quipe dynamique, pluridisciplinaire et qualifi\u00e9e. Monsieur KAFANDO Sompagnimdi Joseph, expert-comptable dipl\u00f4m\u00e9, Commissaire aux comptes avec plus de&nbsp; 15 ans d\u2019exp\u00e9rience en audit, expertise comptable, commissariat aux comptes, formation, conseils. Il est l\u2019Associ\u00e9 G\u00e9rant de SOGECA International.&nbsp; Madame ZARE Ramata, Gestionnaire Comptable avec plus de 16 ans d\u2019exp\u00e9rience dans le [&hellip;]","og_url":"https:\/\/www.sogecaburkina.com\/?page_id=18","og_site_name":"SOGECA","article_modified_time":"2025-12-06T12:03:24+00:00","og_image":[{"width":241,"height":241,"url":"https:\/\/www.sogecaburkina.com\/wp-content\/uploads\/2025\/12\/POSTER_KAFANDO-fotor-20251202125451-1.png","type":"image\/png"}],"twitter_card":"summary_large_image","twitter_misc":{"Est. reading time":"3 minutes"},"schema":{"@context":"https:\/\/schema.org","@graph":[{"@type":"WebPage","@id":"https:\/\/www.sogecaburkina.com\/?page_id=18","url":"https:\/\/www.sogecaburkina.com\/?page_id=18","name":"L'\u00e9quipe - SOGECA","isPartOf":{"@id":"https:\/\/www.sogecaburkina.com\/#website"},"primaryImageOfPage":{"@id":"https:\/\/www.sogecaburkina.com\/?page_id=18#primaryimage"},"image":{"@id":"https:\/\/www.sogecaburkina.com\/?page_id=18#primaryimage"},"thumbnailUrl":"https:\/\/www.sogecaburkina.com\/wp-content\/uploads\/2025\/12\/POSTER_KAFANDO-fotor-20251202125451-1.png","datePublished":"2020-05-21T10:34:59+00:00","dateModified":"2025-12-06T12:03:24+00:00","breadcrumb":{"@id":"https:\/\/www.sogecaburkina.com\/?page_id=18#breadcrumb"},"inLanguage":"en-US","potentialAction":[{"@type":"ReadAction","target":["https:\/\/www.sogecaburkina.com\/?page_id=18"]}]},{"@type":"ImageObject","inLanguage":"en-US","@id":"https:\/\/www.sogecaburkina.com\/?page_id=18#primaryimage","url":"https:\/\/www.sogecaburkina.com\/wp-content\/uploads\/2025\/12\/POSTER_KAFANDO-fotor-20251202125451-1.png","contentUrl":"https:\/\/www.sogecaburkina.com\/wp-content\/uploads\/2025\/12\/POSTER_KAFANDO-fotor-20251202125451-1.png","width":241,"height":241},{"@type":"BreadcrumbList","@id":"https:\/\/www.sogecaburkina.com\/?page_id=18#breadcrumb","itemListElement":[{"@type":"ListItem","position":1,"name":"Home","item":"https:\/\/www.sogecaburkina.com\/"},{"@type":"ListItem","position":2,"name":"L&#8217;\u00e9quipe"}]},{"@type":"WebSite","@id":"https:\/\/www.sogecaburkina.com\/#website","url":"https:\/\/www.sogecaburkina.com\/","name":"SOGECA","description":"Expertise comptable et d&#039;audits Burkina Faso","publisher":{"@id":"https:\/\/www.sogecaburkina.com\/#organization"},"potentialAction":[{"@type":"SearchAction","target":{"@type":"EntryPoint","urlTemplate":"https:\/\/www.sogecaburkina.com\/?s={search_term_string}"},"query-input":{"@type":"PropertyValueSpecification","valueRequired":true,"valueName":"search_term_string"}}],"inLanguage":"en-US"},{"@type":"Organization","@id":"https:\/\/www.sogecaburkina.com\/#organization","name":"SOGECA, Expertise comptable et d'audits","url":"https:\/\/www.sogecaburkina.com\/","logo":{"@type":"ImageObject","inLanguage":"en-US","@id":"https:\/\/www.sogecaburkina.com\/#\/schema\/logo\/image\/","url":"https:\/\/www.sogecaburkina.com\/wp-content\/uploads\/2025\/12\/cropped-cropped-logo_entete-3-Copie-OK.png","contentUrl":"https:\/\/www.sogecaburkina.com\/wp-content\/uploads\/2025\/12\/cropped-cropped-logo_entete-3-Copie-OK.png","width":80,"height":74,"caption":"SOGECA, Expertise comptable et d'audits"},"image":{"@id":"https:\/\/www.sogecaburkina.com\/#\/schema\/logo\/image\/"}}]}},"_links":{"self":[{"href":"https:\/\/www.sogecaburkina.com\/index.php?rest_route=\/wp\/v2\/pages\/18","targetHints":{"allow":["GET"]}}],"collection":[{"href":"https:\/\/www.sogecaburkina.com\/index.php?rest_route=\/wp\/v2\/pages"}],"about":[{"href":"https:\/\/www.sogecaburkina.com\/index.php?rest_route=\/wp\/v2\/types\/page"}],"author":[{"embeddable":true,"href":"https:\/\/www.sogecaburkina.com\/index.php?rest_route=\/wp\/v2\/users\/1"}],"replies":[{"embeddable":true,"href":"https:\/\/www.sogecaburkina.com\/index.php?rest_route=%2Fwp%2Fv2%2Fcomments&post=18"}],"version-history":[{"count":28,"href":"https:\/\/www.sogecaburkina.com\/index.php?rest_route=\/wp\/v2\/pages\/18\/revisions"}],"predecessor-version":[{"id":1252,"href":"https:\/\/www.sogecaburkina.com\/index.php?rest_route=\/wp\/v2\/pages\/18\/revisions\/1252"}],"wp:attachment":[{"href":"https:\/\/www.sogecaburkina.com\/index.php?rest_route=%2Fwp%2Fv2%2Fmedia&parent=18"}],"curies":[{"name":"wp","href":"https:\/\/api.w.org\/{rel}","templated":true}]}}